{"id":60823,"date":"2025-09-12T12:12:09","date_gmt":"2025-09-12T10:12:09","guid":{"rendered":"http:\/\/www.sosw.elblag.com.pl\/?page_id=60823"},"modified":"2025-09-12T12:12:09","modified_gmt":"2025-09-12T10:12:09","slug":"frazeologiczny-kalejdoskop-innowacja-metodyczna","status":"publish","type":"page","link":"https:\/\/www.sosw.elblag.com.pl\/index.php\/organizacje-w-osrdoku\/innowacje-pedagogiczne\/frazeologiczny-kalejdoskop-innowacja-metodyczna\/","title":{"rendered":"Frazeologiczny kalejdoskop \u2013 innowacja metodyczna"},"content":{"rendered":"<p style=\"font-weight: 400;\">W roku szkolnym\u00a0<strong>2025\/2026<\/strong>\u00a0w Specjalnym O\u015brodku Szkolno-Wychowawczym nr 1 w Elbl\u0105gu realizowana jest innowacja pedagogiczna\u00a0<em>Frazeologiczny kalejdoskop<\/em>.<\/p>\n<p style=\"font-weight: 400;\"><strong>Dla kogo:<\/strong><\/p>\n<ul>\n<li style=\"font-weight: 400;\">uczniowie klas\u00a0<strong>IV\u2013VIII szko\u0142y podstawowej<\/strong><\/li>\n<\/ul>\n<p style=\"font-weight: 400;\"><strong>Kto realizuje:<\/strong><\/p>\n<ul>\n<li style=\"font-weight: 400;\">zesp\u00f3\u0142 nauczycieli j\u0119zyka polskiego:\u00a0<strong>mgr Aleksandra Niedzielska-Walendykiewicz, mgr Magdalena Janiak, mgr Edyta Pardo<\/strong>\u00a0(we wsp\u00f3\u0142pracy z\u00a0<strong>mgr Monik\u0105 Wolf i mgr Marzen\u0105 Kr\u00f3lczyk)<\/strong>.<\/li>\n<\/ul>\n<p style=\"font-weight: 400;\"><strong>Cele innowacji:<\/strong><\/p>\n<ul>\n<li style=\"font-weight: 400;\">poszerzenie i utrwalenie aktywnego s\u0142ownictwa uczni\u00f3w poprzez poznawanie i tw\u00f3rcze stosowanie zwi\u0105zk\u00f3w frazeologicznych,<\/li>\n<li style=\"font-weight: 400;\">rozwijanie kreatywno\u015bci i wra\u017cliwo\u015bci j\u0119zykowej,<\/li>\n<li style=\"font-weight: 400;\">doskonalenie umiej\u0119tno\u015bci poprawnego i barwnego formu\u0142owania wypowiedzi,<\/li>\n<li style=\"font-weight: 400;\">wzmacnianie kompetencji spo\u0142ecznych i cyfrowych,<\/li>\n<li style=\"font-weight: 400;\">budowanie pozytywnej motywacji do nauki j\u0119zyka polskiego.<\/li>\n<\/ul>\n<p style=\"font-weight: 400;\"><strong>Przewidywane osi\u0105gni\u0119cia uczni\u00f3w:<\/strong><\/p>\n<ul>\n<li style=\"font-weight: 400;\">znajomo\u015b\u0107 i rozumienie znaczenia co najmniej\u00a0<strong>20\u201330 frazeologizm\u00f3w<\/strong>,<\/li>\n<li style=\"font-weight: 400;\">umiej\u0119tno\u015b\u0107 ich prawid\u0142owego u\u017cywania w mowie i pi\u015bmie,<\/li>\n<li style=\"font-weight: 400;\">wzbogacenie s\u0142ownictwa i wi\u0119ksza precyzja wypowiedzi,<\/li>\n<li style=\"font-weight: 400;\">rozw\u00f3j kreatywno\u015bci oraz umiej\u0119tno\u015bci tw\u00f3rczego pisania i pracy zespo\u0142owej,<\/li>\n<li style=\"font-weight: 400;\">sprawne korzystanie z multimedi\u00f3w i aplikacji edukacyjnych w nauce j\u0119zyka.<\/li>\n<\/ul>\n<p style=\"font-weight: 400;\"><strong>Aleksandra Niedzielska-Walendykiewicz, Magdalena Janiak, Edyta Pardo<\/strong><\/p>\n","protected":false},"excerpt":{"rendered":"<p>W roku szkolnym\u00a02025\/2026\u00a0w Specjalnym O\u015brodku Szkolno-Wychowawczym nr 1 w Elbl\u0105gu realizowana jest innowacja pedagogiczna\u00a0Frazeologiczny kalejdoskop. Dla kogo: uczniowie klas\u00a0IV\u2013VIII szko\u0142y podstawowej Kto <a class=\"more-link\" href=\"https:\/\/www.sosw.elblag.com.pl\/index.php\/organizacje-w-osrdoku\/innowacje-pedagogiczne\/frazeologiczny-kalejdoskop-innowacja-metodyczna\/\">Czytaj dalej&#8230;<\/a><\/p>\n","protected":false},"author":1,"featured_media":0,"parent":18947,"menu_order":0,"comment_status":"closed","ping_status":"closed","template":"","meta":{"footnotes":""},"class_list":["post-60823","page","type-page","status-publish","hentry"],"_links":{"self":[{"href":"https:\/\/www.sosw.elblag.com.pl\/index.php\/wp-json\/wp\/v2\/pages\/60823","targetHints":{"allow":["GET"]}}],"collection":[{"href":"https:\/\/www.sosw.elblag.com.pl\/index.php\/wp-json\/wp\/v2\/pages"}],"about":[{"href":"https:\/\/www.sosw.elblag.com.pl\/index.php\/wp-json\/wp\/v2\/types\/page"}],"author":[{"embeddable":true,"href":"https:\/\/www.sosw.elblag.com.pl\/index.php\/wp-json\/wp\/v2\/users\/1"}],"replies":[{"embeddable":true,"href":"https:\/\/www.sosw.elblag.com.pl\/index.php\/wp-json\/wp\/v2\/comments?post=60823"}],"version-history":[{"count":1,"href":"https:\/\/www.sosw.elblag.com.pl\/index.php\/wp-json\/wp\/v2\/pages\/60823\/revisions"}],"predecessor-version":[{"id":60824,"href":"https:\/\/www.sosw.elblag.com.pl\/index.php\/wp-json\/wp\/v2\/pages\/60823\/revisions\/60824"}],"up":[{"embeddable":true,"href":"https:\/\/www.sosw.elblag.com.pl\/index.php\/wp-json\/wp\/v2\/pages\/18947"}],"wp:attachment":[{"href":"https:\/\/www.sosw.elblag.com.pl\/index.php\/wp-json\/wp\/v2\/media?parent=60823"}],"curies":[{"name":"wp","href":"https:\/\/api.w.org\/{rel}","templated":true}]}}