{"id":49399,"date":"2024-01-05T11:40:23","date_gmt":"2024-01-05T10:40:23","guid":{"rendered":"http:\/\/www.sosw.elblag.com.pl\/?page_id=49399"},"modified":"2024-01-05T11:40:23","modified_gmt":"2024-01-05T10:40:23","slug":"cztery-pory-roku-w-dolinie-muminkow","status":"publish","type":"page","link":"https:\/\/www.sosw.elblag.com.pl\/index.php\/organizacje-w-osrdoku\/projekty-unijne\/cztery-pory-roku-w-dolinie-muminkow\/","title":{"rendered":"Cztery pory roku w Dolinie Mumink\u00f3w"},"content":{"rendered":"<p style=\"text-align: justify;\"><strong>Cztery pory roku w Dolinie Mumink\u00f3w<\/strong> \u2013 szkolny projekt edukacyjny<\/p>\n<ul>\n<li style=\"text-align: justify;\">Celem projektu jest zapoznanie dzieci z tw\u00f3rczo\u015bci\u0105 Tove Jansson, propagowanie idei g\u0142o\u015bnego czytania, rozwijanie zainteresowa\u0144 czytelniczych oraz wpajanie warto\u015bci moralnych.<\/li>\n<li style=\"text-align: justify;\">Adresaci: projekt realizuje klasa 2a L SP<\/li>\n<li style=\"text-align: justify;\">W SOSW nr 1 opiekunami projektu s\u0105: Magdalena Janiak, Kamila Paczkowska, Anna Hatle-Tafelska<\/li>\n<\/ul>\n","protected":false},"excerpt":{"rendered":"<p>Cztery pory roku w Dolinie Mumink\u00f3w \u2013 szkolny projekt edukacyjny Celem projektu jest zapoznanie dzieci z tw\u00f3rczo\u015bci\u0105 Tove Jansson, propagowanie idei g\u0142o\u015bnego <a class=\"more-link\" href=\"https:\/\/www.sosw.elblag.com.pl\/index.php\/organizacje-w-osrdoku\/projekty-unijne\/cztery-pory-roku-w-dolinie-muminkow\/\">Czytaj dalej&#8230;<\/a><\/p>\n","protected":false},"author":1,"featured_media":0,"parent":8375,"menu_order":5,"comment_status":"closed","ping_status":"closed","template":"","meta":{"footnotes":""},"class_list":["post-49399","page","type-page","status-publish","hentry"],"_links":{"self":[{"href":"https:\/\/www.sosw.elblag.com.pl\/index.php\/wp-json\/wp\/v2\/pages\/49399","targetHints":{"allow":["GET"]}}],"collection":[{"href":"https:\/\/www.sosw.elblag.com.pl\/index.php\/wp-json\/wp\/v2\/pages"}],"about":[{"href":"https:\/\/www.sosw.elblag.com.pl\/index.php\/wp-json\/wp\/v2\/types\/page"}],"author":[{"embeddable":true,"href":"https:\/\/www.sosw.elblag.com.pl\/index.php\/wp-json\/wp\/v2\/users\/1"}],"replies":[{"embeddable":true,"href":"https:\/\/www.sosw.elblag.com.pl\/index.php\/wp-json\/wp\/v2\/comments?post=49399"}],"version-history":[{"count":1,"href":"https:\/\/www.sosw.elblag.com.pl\/index.php\/wp-json\/wp\/v2\/pages\/49399\/revisions"}],"predecessor-version":[{"id":49400,"href":"https:\/\/www.sosw.elblag.com.pl\/index.php\/wp-json\/wp\/v2\/pages\/49399\/revisions\/49400"}],"up":[{"embeddable":true,"href":"https:\/\/www.sosw.elblag.com.pl\/index.php\/wp-json\/wp\/v2\/pages\/8375"}],"wp:attachment":[{"href":"https:\/\/www.sosw.elblag.com.pl\/index.php\/wp-json\/wp\/v2\/media?parent=49399"}],"curies":[{"name":"wp","href":"https:\/\/api.w.org\/{rel}","templated":true}]}}