{"id":205,"date":"2015-08-28T00:21:26","date_gmt":"2015-08-27T22:21:26","guid":{"rendered":"http:\/\/www.sosw.elblag.com.pl\/wordpress\/?page_id=205"},"modified":"2015-09-18T14:43:54","modified_gmt":"2015-09-18T12:43:54","slug":"dom-pomocy-spolecznej","status":"publish","type":"page","link":"https:\/\/www.sosw.elblag.com.pl\/index.php\/struktura-osrodka\/inne-instytucje\/dom-pomocy-spolecznej\/","title":{"rendered":"Dom Pomocy Spo\u0142ecznej"},"content":{"rendered":"<hr \/>\n<p style=\"text-align: center;\"><strong>KR\u00d3TKA HISTORIA DPS-U DLA DZIECI Z NIEPE\u0141NOSPRAWNO\u015aCI\u0104 INTELEKTUALN\u0104 UL. KASPRZAKA 10 W ELBL\u0104GU<\/strong><\/p>\n<p style=\"text-align: justify;\">Budynek Domu Pomocy Spo\u0142ecznej powsta\u0142 z inicjatywy Si\u00f3str Katarzynek przed I wojn\u0105 \u015bwiatow\u0105. Pocz\u0105tkowo funkcjonowa\u0142 jako Zak\u0142ad Wychowawczy, jednak\u017ce w trakcie II wojny \u015bwiatowej przekszta\u0142cony zosta\u0142 w Dom Opieki dla Starc\u00f3w i Rencist\u00f3w.\u00a0 W latach 1946-1955 mie\u015bci\u0142 si\u0119 tutaj Dom Ma\u0142ego Dziecka. W 1958r. zmieniono charakter elbl\u0105skiego domu na Zak\u0142ad Leczniczo-Wychowawczy dla dzieci z niepe\u0142nosprawno\u015bci\u0105 intelektualn\u0105. 07.09.1966r. plac\u00f3wk\u0119 obj\u0119\u0142y Siostry \u015bw. Jadwigi. 30.09.1993r. zak\u0142ad zosta\u0142 wpisany do Rejestru Zak\u0142ad\u00f3w Opieki Zdrowotnej przy Urz\u0119dzie Wojew\u00f3dzkim w Elbl\u0105gu jako niepubliczna plac\u00f3wka s\u0142u\u017cby zdrowia. Po siedmiu latach Ministerstwo Zdrowia wypowiedzia\u0142o Umow\u0119 w sprawie finansowania Zak\u0142adu Leczniczo-Wychowawczego w Elbl\u0105gu. Po rocznej wsp\u00f3\u0142pracy z Kas\u0105 Chorych w Olsztynie oraz w sytuacji nieustannie narastaj\u0105cych problem\u00f3w finansowych, Wojewoda Warmi\u0144sko-Mazurski dnia 29.11.2001r. wpisa\u0142 Dom do Rejestru DPS-\u00f3w naszego wojew\u00f3dztwa.<\/p>\n<p style=\"text-align: center;\">&#8212; DPS DZISIAJ &#8212;<\/p>\n<p style=\"text-align: justify;\">Dom Pomocy Spo\u0142ecznej dla dzieci i m\u0142odzie\u017cy niepe\u0142nosprawnych intelektualnie Zgromadzenia Si\u00f3str \u015aw. Jadwigi w Elbl\u0105gu dzia\u0142a w oparciu o statut, wed\u0142ug kt\u00f3rego celem\u00a0 jest zapewnienie wychowankom ca\u0142odobowej opieki, a w szczeg\u00f3lno\u015bci:<\/p>\n<ol style=\"text-align: justify;\">\n<li>a) miejsca zamieszkania wyposa\u017conego w niezb\u0119dne meble, sprz\u0119t i bielizn\u0119 po\u015bcielow\u0105,<\/li>\n<li>b) odzie\u017cy, bielizny osobistej i obuwia dla tych, kt\u00f3rzy z w\u0142asnych \u015brodk\u00f3w uczyni\u0107 tego nie mog\u0105,<\/li>\n<li>c) wy\u017cywienia, w tym dietetycznego zgodnie ze wskazaniami lekarza, w ramach obowi\u0105zuj\u0105cej stawki,<\/li>\n<li>d) opieki piel\u0119gniarskiej,<\/li>\n<li>e) spokoju i bezpiecze\u0144stwa na terenie Domu oraz opieki w czasie zaj\u0119\u0107 organizowanych poza Domem,<\/li>\n<li>f) dost\u0119pu do korzystania ze \u015bwiadcze\u0144 s\u0142u\u017cby zdrowia,<\/li>\n<li>g) zaj\u0119\u0107 rewalidacyjno-wychowawczych,<\/li>\n<li>h) rehabilitacji i aktywizacji,<\/li>\n<li>i) kszta\u0142cenia samodzielno\u015bci i zasad wsp\u00f3\u0142\u017cycia spo\u0142ecznego,<\/li>\n<li>j) opieki duchowej.<\/li>\n<\/ol>\n<p style=\"text-align: justify;\">W Domu przebywaj\u0105 dzieci i m\u0142odzie\u017c z niepe\u0142nosprawno\u015bci\u0105 intelektualn\u0105 z terenu ca\u0142ej Polski, w wieku od 0 do 25 lat. Wychowankowie Domu skierowani zostali do niego na podstawie orzecze\u0144 s\u0105dowych, bezpo\u015brednio ze szpitala, gdzie zostali pozostawieni przez rodzic\u00f3w lub przebywaj\u0105 w nim wy\u0142\u0105cznie na pro\u015bb\u0119 rodzic\u00f3w. W Domu mieszka aktualnie 40 dzieci z niepe\u0142nosprawno\u015bci\u0105 intelektualn\u0105 oraz nast\u0119puj\u0105cymi schorzeniami :<\/p>\n<ul style=\"text-align: justify;\">\n<li>dzieci\u0119ce pora\u017cenie m\u00f3zgowe<\/li>\n<li>wodog\u0142owie<\/li>\n<li>epilepsja<\/li>\n<li>encefalopatia<\/li>\n<li>rozszczepy kr\u0119gos\u0142upa<\/li>\n<li>osteoporoza<\/li>\n<li>wsp\u00f3\u0142istniej\u0105ce sprz\u0119\u017cenia deficytowe<\/li>\n<\/ul>\n<p style=\"text-align: justify;\">Wychowankowie Domu wymagaj\u0105 ca\u0142odobowej piel\u0119gnacji i opieki. Tylko niekt\u00f3rzy potrafi\u0105 wykonywa\u0107 proste czynno\u015bci samoobs\u0142ugowe. Opr\u00f3cz sta\u0142ej opieki piel\u0119gniarskiej, dzieci uczestnicz\u0105 w zaj\u0119ciach rewalidacyjnych, rehabilitacyjnych oraz logopedycznych.\u00a0 Przebywaj\u0105 w Domu przez ca\u0142y rok.<\/p>\n<p style=\"text-align: justify;\">Dom i jego otoczenie przystosowane s\u0105 do niepe\u0142nosprawno\u015bci podopiecznych, dzi\u0119ki czemu mog\u0105 swobodnie \u017cy\u0107 i funkcjonowa\u0107 bez sztucznych ogranicze\u0144. Nikt nie zostaje tutaj pozbawiony swej indywidualno\u015bci. Dom istnieje w \u015brodowisku i dla \u015brodowiska ,a najlepszym tego dowodem jest \u015bcis\u0142a wsp\u00f3\u0142praca z zaprzyja\u017anionymi instytucjami m. in. z SOSW nr 1 w Elbl\u0105gu, z Przedszkolem Specjalnym nr 1 przy ul. Polnej, z Samodzielnym O\u015brodkiem Rehabilitacji i Terapii dla Dzieci i M\u0142odzie\u017cy.<\/p>\n<p style=\"text-align: justify;\"><em>\/Materia\u0142 opracowano w oparciu o prac\u0119 podyplomow\u0105 napisan\u0105 przez mgr Danut\u0119 Mryk\u0119 pt. \u201eSocjalizacja dzieci niepe\u0142nosprawnych intelektualnie\u201d\u00a0\u00a0\u00a0\u00a0\u00a0 (na przyk\u0142adzie Domu Pomocy Spo\u0142ecznej w Elbl\u0105gu), Gda\u0144sk 2002\/<\/em><\/p>\n<p style=\"text-align: justify;\"><strong>Zesp\u00f3\u0142 rewalidacyjno- rehabilitacyjny<\/strong><\/p>\n","protected":false},"excerpt":{"rendered":"<p>KR\u00d3TKA HISTORIA DPS-U DLA DZIECI Z NIEPE\u0141NOSPRAWNO\u015aCI\u0104 INTELEKTUALN\u0104 UL. KASPRZAKA 10 W ELBL\u0104GU Budynek Domu Pomocy Spo\u0142ecznej powsta\u0142 z inicjatywy Si\u00f3str Katarzynek <a class=\"more-link\" href=\"https:\/\/www.sosw.elblag.com.pl\/index.php\/struktura-osrodka\/inne-instytucje\/dom-pomocy-spolecznej\/\">Czytaj dalej&#8230;<\/a><\/p>\n","protected":false},"author":1,"featured_media":0,"parent":196,"menu_order":4,"comment_status":"closed","ping_status":"closed","template":"","meta":{"footnotes":""},"class_list":["post-205","page","type-page","status-publish","hentry"],"_links":{"self":[{"href":"https:\/\/www.sosw.elblag.com.pl\/index.php\/wp-json\/wp\/v2\/pages\/205","targetHints":{"allow":["GET"]}}],"collection":[{"href":"https:\/\/www.sosw.elblag.com.pl\/index.php\/wp-json\/wp\/v2\/pages"}],"about":[{"href":"https:\/\/www.sosw.elblag.com.pl\/index.php\/wp-json\/wp\/v2\/types\/page"}],"author":[{"embeddable":true,"href":"https:\/\/www.sosw.elblag.com.pl\/index.php\/wp-json\/wp\/v2\/users\/1"}],"replies":[{"embeddable":true,"href":"https:\/\/www.sosw.elblag.com.pl\/index.php\/wp-json\/wp\/v2\/comments?post=205"}],"version-history":[{"count":3,"href":"https:\/\/www.sosw.elblag.com.pl\/index.php\/wp-json\/wp\/v2\/pages\/205\/revisions"}],"predecessor-version":[{"id":798,"href":"https:\/\/www.sosw.elblag.com.pl\/index.php\/wp-json\/wp\/v2\/pages\/205\/revisions\/798"}],"up":[{"embeddable":true,"href":"https:\/\/www.sosw.elblag.com.pl\/index.php\/wp-json\/wp\/v2\/pages\/196"}],"wp:attachment":[{"href":"https:\/\/www.sosw.elblag.com.pl\/index.php\/wp-json\/wp\/v2\/media?parent=205"}],"curies":[{"name":"wp","href":"https:\/\/api.w.org\/{rel}","templated":true}]}}

Dom Pomocy Społecznej

<hr />
<p style="text-align: center;"><strong>KRÓTKA HISTORIA DPS-U DLA DZIECI Z NIEPEŁNOSPRAWNOŚCIĄ INTELEKTUALNĄ UL. KASPRZAKA 10 W ELBLĄGU</strong></p>
<p style="text-align: justify;">Budynek Domu Pomocy Społecznej powstał z inicjatywy Sióstr Katarzynek przed I wojną światową. Początkowo funkcjonował jako Zakład Wychowawczy, jednakże w trakcie II wojny światowej przekształcony został w Dom Opieki dla Starców i Rencistów.  W latach 1946-1955 mieścił się tutaj Dom Małego Dziecka. W 1958r. zmieniono charakter elbląskiego domu na Zakład Leczniczo-Wychowawczy dla dzieci z niepełnosprawnością intelektualną. 07.09.1966r. placówkę objęły Siostry św. Jadwigi. 30.09.1993r. zakład został wpisany do Rejestru Zakładów Opieki Zdrowotnej przy Urzędzie Wojewódzkim w Elblągu jako niepubliczna placówka służby zdrowia. Po siedmiu latach Ministerstwo Zdrowia wypowiedziało Umowę w sprawie finansowania Zakładu Leczniczo-Wychowawczego w Elblągu. Po rocznej współpracy z Kasą Chorych w Olsztynie oraz w sytuacji nieustannie narastających problemów finansowych, Wojewoda Warmińsko-Mazurski dnia 29.11.2001r. wpisał Dom do Rejestru DPS-ów naszego województwa.</p>
<p style="text-align: center;">&#8212; DPS DZISIAJ &#8212;</p>
<p style="text-align: justify;">Dom Pomocy Społecznej dla dzieci i młodzieży niepełnosprawnych intelektualnie Zgromadzenia Sióstr Św. Jadwigi w Elblągu działa w oparciu o statut, według którego celem  jest zapewnienie wychowankom całodobowej opieki, a w szczególności:</p>
<ol style="text-align: justify;">
<li>a) miejsca zamieszkania wyposażonego w niezbędne meble, sprzęt i bieliznę pościelową,</li>
<li>b) odzieży, bielizny osobistej i obuwia dla tych, którzy z własnych środków uczynić tego nie mogą,</li>
<li>c) wyżywienia, w tym dietetycznego zgodnie ze wskazaniami lekarza, w ramach obowiązującej stawki,</li>
<li>d) opieki pielęgniarskiej,</li>
<li>e) spokoju i bezpieczeństwa na terenie Domu oraz opieki w czasie zajęć organizowanych poza Domem,</li>
<li>f) dostępu do korzystania ze świadczeń służby zdrowia,</li>
<li>g) zajęć rewalidacyjno-wychowawczych,</li>
<li>h) rehabilitacji i aktywizacji,</li>
<li>i) kształcenia samodzielności i zasad współżycia społecznego,</li>
<li>j) opieki duchowej.</li>
</ol>
<p style="text-align: justify;">W Domu przebywają dzieci i młodzież z niepełnosprawnością intelektualną z terenu całej Polski, w wieku od 0 do 25 lat. Wychowankowie Domu skierowani zostali do niego na podstawie orzeczeń sądowych, bezpośrednio ze szpitala, gdzie zostali pozostawieni przez rodziców lub przebywają w nim wyłącznie na prośbę rodziców. W Domu mieszka aktualnie 40 dzieci z niepełnosprawnością intelektualną oraz następującymi schorzeniami :</p>
<ul style="text-align: justify;">
<li>dziecięce porażenie mózgowe</li>
<li>wodogłowie</li>
<li>epilepsja</li>
<li>encefalopatia</li>
<li>rozszczepy kręgosłupa</li>
<li>osteoporoza</li>
<li>współistniejące sprzężenia deficytowe</li>
</ul>
<p style="text-align: justify;">Wychowankowie Domu wymagają całodobowej pielęgnacji i opieki. Tylko niektórzy potrafią wykonywać proste czynności samoobsługowe. Oprócz stałej opieki pielęgniarskiej, dzieci uczestniczą w zajęciach rewalidacyjnych, rehabilitacyjnych oraz logopedycznych.  Przebywają w Domu przez cały rok.</p>
<p style="text-align: justify;">Dom i jego otoczenie przystosowane są do niepełnosprawności podopiecznych, dzięki czemu mogą swobodnie żyć i funkcjonować bez sztucznych ograniczeń. Nikt nie zostaje tutaj pozbawiony swej indywidualności. Dom istnieje w środowisku i dla środowiska ,a najlepszym tego dowodem jest ścisła współpraca z zaprzyjaźnionymi instytucjami m. in. z SOSW nr 1 w Elblągu, z Przedszkolem Specjalnym nr 1 przy ul. Polnej, z Samodzielnym Ośrodkiem Rehabilitacji i Terapii dla Dzieci i Młodzieży.</p>
<p style="text-align: justify;"><em>/Materiał opracowano w oparciu o pracę podyplomową napisaną przez mgr Danutę Mrykę pt. „Socjalizacja dzieci niepełnosprawnych intelektualnie”      (na przykładzie Domu Pomocy Społecznej w Elblągu), Gdańsk 2002/</em></p>
<p style="text-align: justify;"><strong>Zespół rewalidacyjno- rehabilitacyjny</strong></p>

<p>KRÓTKA HISTORIA DPS-U DLA DZIECI Z NIEPEŁNOSPRAWNOŚCIĄ INTELEKTUALNĄ UL. KASPRZAKA 10 W ELBLĄGU Budynek Domu Pomocy Społecznej powstał z inicjatywy Sióstr Katarzynek <a class="more-link" href="https://www.sosw.elblag.com.pl/index.php/struktura-osrodka/inne-instytucje/dom-pomocy-spolecznej/">Czytaj dalej&#8230;</a></p>
