{"id":203,"date":"2015-08-28T00:21:06","date_gmt":"2015-08-27T22:21:06","guid":{"rendered":"http:\/\/www.sosw.elblag.com.pl\/wordpress\/?page_id=203"},"modified":"2022-02-08T15:54:55","modified_gmt":"2022-02-08T14:54:55","slug":"biblioteka","status":"publish","type":"page","link":"https:\/\/www.sosw.elblag.com.pl\/index.php\/struktura-osrodka\/inne-instytucje\/biblioteka\/","title":{"rendered":"Biblioteka"},"content":{"rendered":"\r\n<div class=\"wp-block-file\"><a href=\"https:\/\/www.sosw.elblag.com.pl\/wp-content\/uploads\/2020\/09\/Regulamin-biblioteki-szkolnej-oraz-aneks-do-regulaminu-dotyczacy-pracy-biblioteki-w-czasie-pandemii.pdf\">Regulamin biblioteki szkolnej oraz aneks do regulaminu dotycz\u0105cy pracy biblioteki w czasie pandemii<\/a><a class=\"wp-block-file__button\" href=\"https:\/\/www.sosw.elblag.com.pl\/wp-content\/uploads\/2020\/09\/Regulamin-biblioteki-szkolnej-oraz-aneks-do-regulaminu-dotyczacy-pracy-biblioteki-w-czasie-pandemii.pdf\" download=\"\">Pobierz<\/a><\/div>\r\n<hr \/>\r\n<p><a href=\"https:\/\/www.sosw.elblag.com.pl\/index.php\/category\/dzialania-biblioteki\/\">Dzia\u0142ania biblioteki<\/a><\/p>\r\n<hr \/>\r\n<div class=\"su-button-center\"><a href=\"https:\/\/drive.google.com\/drive\/folders\/1kONOJofJISOOxoM3MuKezY3-bASiIBD7?usp=sharing\" class=\"su-button su-button-style-default\" style=\"color:#FFFFFF;background-color:#f0791c;border-color:#c06117;border-radius:5px\" target=\"_blank\" rel=\"noopener noreferrer\"><span style=\"color:#FFFFFF;padding:0px 16px;font-size:13px;line-height:26px;border-color:#f5a261;border-radius:5px;text-shadow:none\">  BIBLIOTEKA<\/span><\/a><\/div>\r\n<hr \/>\r\n\n\t\t<style type=\"text\/css\">\n\t\t\t#gallery-1 {\n\t\t\t\tmargin: auto;\n\t\t\t}\n\t\t\t#gallery-1 .gallery-item {\n\t\t\t\tfloat: left;\n\t\t\t\tmargin-top: 10px;\n\t\t\t\ttext-align: center;\n\t\t\t\twidth: 100%;\n\t\t\t}\n\t\t\t#gallery-1 img {\n\t\t\t\tborder: 2px solid #cfcfcf;\n\t\t\t}\n\t\t\t#gallery-1 .gallery-caption {\n\t\t\t\tmargin-left: 0;\n\t\t\t}\n\t\t\t\/* see gallery_shortcode() in wp-includes\/media.php *\/\n\t\t<\/style>\n\t\t<div id='gallery-1' class='gallery galleryid-203 gallery-columns-1 gallery-size-medium'><dl class='gallery-item'>\n\t\t\t<dt class='gallery-icon portrait'>\n\t\t\t\t<a title=\"zaproszenie\" href='https:\/\/www.sosw.elblag.com.pl\/index.php\/struktura-osrodka\/inne-instytucje\/biblioteka\/zaproszenie\/'><img loading=\"lazy\" decoding=\"async\" width=\"218\" height=\"300\" src=\"https:\/\/www.sosw.elblag.com.pl\/wp-content\/uploads\/2015\/08\/zaproszenie-218x300.jpg\" class=\"attachment-medium size-medium\" alt=\"biblioteka szkolna zaprasza\" srcset=\"https:\/\/www.sosw.elblag.com.pl\/wp-content\/uploads\/2015\/08\/zaproszenie-218x300.jpg 218w, https:\/\/www.sosw.elblag.com.pl\/wp-content\/uploads\/2015\/08\/zaproszenie-746x1024.jpg 746w\" sizes=\"auto, (max-width: 218px) 100vw, 218px\" \/><\/a>\n\t\t\t<\/dt><\/dl><br style=\"clear: both\" \/>\n\t\t<\/div>\n\r\n<p style=\"text-align: justify;\">Z biblioteki szkolnej SOSW nr 1 korzystaj\u0105 pracownicy i uczniowie szko\u0142y, a gdy zaistnieje potrzeba, r\u00f3wnie\u017c rodzice oraz opiekunowie.\u00a0 Biblioteka\u00a0 oferuje swoim\u00a0 czytelnikom, licz\u0105cy ponad\u00a0 9000 wolumin\u00f3w \u00a0ksi\u0119gozbi\u00f3r, oko\u0142o\u00a0 12 tytu\u0142\u00f3w\u00a0 czasopism m\u0142odzie\u017cowych i dzieci\u0119cych \u00a0o r\u00f3\u017cnorodnej tematyce: sportowej, motoryzacyjnej, komputerowej itp. W bogatej ofercie czytelniczej znajduj\u0105 si\u0119 r\u00f3wnie\u017c zbiory specjalne, zgromadzone na\u00a0 kasetach wideo i p\u0142ytach DVD. Ponadto, w pomieszczeniu biblioteki, do dyspozycji u\u017cytkownik\u00f3w pozostaj\u0105 r\u00f3wnie\u017c trzy komputery z dost\u0119pem do Internetu, wchodz\u0105ce w sk\u0142ad Szkolnego Multimedialnego Centrum Informacji .<\/p>\r\n<p style=\"text-align: justify;\">Godziny pracy biblioteki szkolnej umo\u017cliwiaj\u0105 zainteresowanym uczniom korzystanie z jej zasob\u00f3w\u00a0 w dogodnym czasie , przed lub po zaj\u0119ciach lekcyjnych. Wychodz\u0105c naprzeciw szczeg\u00f3lnym potrzebom edukacyjnym uczni\u00f3w, bibliotekarz- Dorota Szablewska przygotowuje zaj\u0119cia\u00a0 edukacyjne, wzbogacone innowacyjn\u0105 metod\u0105 poznawcz\u0105, w kt\u00f3rej nieocenionym \u015brodkiem dydaktycznym s\u0105 <strong>prezentacje multimedialne<\/strong>. Szeroki wachlarz tematyki podejmowanej t\u0105 drog\u0105 przekazu koresponduje z aktualnymi potrzebami uczni\u00f3w, uwzgl\u0119dnia kalendarz \u015bwi\u0105t oraz imprez okoliczno\u015bciowych, omawia problemy\u00a0\u00a0 wychowawcze oraz przybli\u017ca wiedz\u0119 z zakresu edukacji czytelniczej. \u00a0Ta oryginalna forma pracy, kt\u00f3rej adresatem s\u0105 zar\u00f3wno najm\u0142odsi-podopieczni zespo\u0142\u00f3w edukacyjno-terapeutycznych, jak r\u00f3wnie\u017c starsi uczniowie gimnazjum, szko\u0142y zawodowej i pdp, cieszy si\u0119 wielkim zainteresowaniem z uwagi na jednoczesn\u0105 wizualizacj\u0119 i pogl\u0105dowo\u015b\u0107.\u00a0 W opinii nauczycieli ta\u00a0 forma oddzia\u0142ywania jednocze\u015bnie na dwa zmys\u0142y: wzroku i s\u0142uchu, przynosi po\u017c\u0105dane efekty, stanowi\u0105c nieocenion\u0105 pomoc na lekcjach wychowawczych oraz podczas zaj\u0119\u0107 edukacyjnych.<\/p>\r\n<p style=\"text-align: justify;\">Biblioteka szkolna jest wsp\u00f3\u0142organizatorem\u00a0 zaj\u0119\u0107 z cyklu <strong>\u201eNasze<\/strong> <strong>spotkania ze sztuk\u0105\u201d<\/strong>, popularyzuj\u0105cych \u00a0literatur\u0119 i film dla m\u0142odego czytelnika i widza. W\u015br\u00f3d uczni\u00f3w\u00a0 szko\u0142y podstawowej prowadzona \u00a0jest r\u00f3wnie\u017c cyklicznie akcja pn.\u00a0<strong>\u201eCa\u0142a Polska czyta dzieciom\u201d, <\/strong>kt\u00f3ra rozbudza ciekawo\u015b\u0107 poznawcz\u0105 i sprzyja zami\u0142owaniom czytelniczym.<\/p>\r\n<p style=\"text-align: justify;\">Tradycj\u0105 biblioteki s\u0105 konkursy po\u015bwi\u0119cone obchodom \u015awiatowego Dnia Ksi\u0105\u017cki oraz ca\u0142oroczny ranking na najaktywniejsz\u0105 klas\u0119 w czytelnictwie i najlepszego czytelnika.<\/p>\r\n<p style=\"text-align: justify;\">Dzia\u0142alno\u015b\u0107 biblioteki wspiera pr\u0119\u017cna grupa uczni\u00f3w zrzeszona w ramach Ko\u0142a Przyjaci\u00f3\u0142 Biblioteki. Jego cz\u0142onkowie s\u0142u\u017c\u0105 pomoc\u0105 bibliotekarzom, wykazuj\u0105c si\u0119 jednocze\u015bnie zdolno\u015bciami\u00a0 organizatorskimi, plastycznymi i recytatorskimi, a nade wszystko zaanga\u017cowaniem \u00a0i aktywn\u0105\u00a0 postaw\u0105 spo\u0142eczn\u0105.<\/p>\r\n\r\n<div class=\"wp-block-buttons is-layout-flex wp-block-buttons-is-layout-flex\">\u00a0<\/div>\r\n\r\n\r\n\r\n<div class=\"wp-block-buttons is-layout-flex wp-block-buttons-is-layout-flex\">\u00a0<\/div>\r\n","protected":false},"excerpt":{"rendered":"<p>Dzia\u0142ania biblioteki Z biblioteki szkolnej SOSW nr 1 korzystaj\u0105 pracownicy i uczniowie szko\u0142y, a gdy zaistnieje potrzeba, r\u00f3wnie\u017c rodzice oraz opiekunowie.\u00a0 Biblioteka\u00a0 <a class=\"more-link\" href=\"https:\/\/www.sosw.elblag.com.pl\/index.php\/struktura-osrodka\/inne-instytucje\/biblioteka\/\">Czytaj dalej&#8230;<\/a><\/p>\n","protected":false},"author":1,"featured_media":0,"parent":196,"menu_order":3,"comment_status":"closed","ping_status":"closed","template":"","meta":{"footnotes":""},"class_list":["post-203","page","type-page","status-publish","hentry"],"_links":{"self":[{"href":"https:\/\/www.sosw.elblag.com.pl\/index.php\/wp-json\/wp\/v2\/pages\/203","targetHints":{"allow":["GET"]}}],"collection":[{"href":"https:\/\/www.sosw.elblag.com.pl\/index.php\/wp-json\/wp\/v2\/pages"}],"about":[{"href":"https:\/\/www.sosw.elblag.com.pl\/index.php\/wp-json\/wp\/v2\/types\/page"}],"author":[{"embeddable":true,"href":"https:\/\/www.sosw.elblag.com.pl\/index.php\/wp-json\/wp\/v2\/users\/1"}],"replies":[{"embeddable":true,"href":"https:\/\/www.sosw.elblag.com.pl\/index.php\/wp-json\/wp\/v2\/comments?post=203"}],"version-history":[{"count":9,"href":"https:\/\/www.sosw.elblag.com.pl\/index.php\/wp-json\/wp\/v2\/pages\/203\/revisions"}],"predecessor-version":[{"id":37635,"href":"https:\/\/www.sosw.elblag.com.pl\/index.php\/wp-json\/wp\/v2\/pages\/203\/revisions\/37635"}],"up":[{"embeddable":true,"href":"https:\/\/www.sosw.elblag.com.pl\/index.php\/wp-json\/wp\/v2\/pages\/196"}],"wp:attachment":[{"href":"https:\/\/www.sosw.elblag.com.pl\/index.php\/wp-json\/wp\/v2\/media?parent=203"}],"curies":[{"name":"wp","href":"https:\/\/api.w.org\/{rel}","templated":true}]}}

<div class="wp-block-file"><a href="https://www.sosw.elblag.com.pl/wp-content/uploads/2020/09/Regulamin-biblioteki-szkolnej-oraz-aneks-do-regulaminu-dotyczacy-pracy-biblioteki-w-czasie-pandemii.pdf">Regulamin biblioteki szkolnej oraz aneks do regulaminu dotyczący pracy biblioteki w czasie pandemii</a><a class="wp-block-file__button" href="https://www.sosw.elblag.com.pl/wp-content/uploads/2020/09/Regulamin-biblioteki-szkolnej-oraz-aneks-do-regulaminu-dotyczacy-pracy-biblioteki-w-czasie-pandemii.pdf" download="">Pobierz</a></div>
<hr />
<p><a href="https://www.sosw.elblag.com.pl/index.php/category/dzialania-biblioteki/">Działania biblioteki</a></p>
<hr />
<div class="su-button-center"><a href="https://drive.google.com/drive/folders/1kONOJofJISOOxoM3MuKezY3-bASiIBD7?usp=sharing" class="su-button su-button-style-default" style="color:#FFFFFF;background-color:#f0791c;border-color:#c06117;border-radius:5px" target="_blank" rel="noopener noreferrer"><span style="color:#FFFFFF;padding:0px 16px;font-size:13px;line-height:26px;border-color:#f5a261;border-radius:5px;text-shadow:none">  BIBLIOTEKA</span></a></div>
<hr />

		<style type="text/css">
			#gallery-1 {
				margin: auto;
			}
			#gallery-1 .gallery-item {
				float: left;
				margin-top: 10px;
				text-align: center;
				width: 100%;
			}
			#gallery-1 img {
				border: 2px solid #cfcfcf;
			}
			#gallery-1 .gallery-caption {
				margin-left: 0;
			}
			/* see gallery_shortcode() in wp-includes/media.php */
		</style>
		<div id='gallery-1' class='gallery galleryid-203 gallery-columns-1 gallery-size-medium'><dl class='gallery-item'>
			<dt class='gallery-icon portrait'>
				<a title="zaproszenie" href='https://www.sosw.elblag.com.pl/index.php/struktura-osrodka/inne-instytucje/biblioteka/zaproszenie/'><img loading="lazy" decoding="async" width="218" height="300" src="https://www.sosw.elblag.com.pl/wp-content/uploads/2015/08/zaproszenie-218x300.jpg" class="attachment-medium size-medium" alt="biblioteka szkolna zaprasza" srcset="https://www.sosw.elblag.com.pl/wp-content/uploads/2015/08/zaproszenie-218x300.jpg 218w, https://www.sosw.elblag.com.pl/wp-content/uploads/2015/08/zaproszenie-746x1024.jpg 746w" sizes="auto, (max-width: 218px) 100vw, 218px" /></a>
			</dt></dl><br style="clear: both" />
		</div>

<p style="text-align: justify;">Z biblioteki szkolnej SOSW nr 1 korzystają pracownicy i uczniowie szkoły, a gdy zaistnieje potrzeba, również rodzice oraz opiekunowie.  Biblioteka  oferuje swoim  czytelnikom, liczący ponad  9000 woluminów  księgozbiór, około  12 tytułów  czasopism młodzieżowych i dziecięcych  o różnorodnej tematyce: sportowej, motoryzacyjnej, komputerowej itp. W bogatej ofercie czytelniczej znajdują się również zbiory specjalne, zgromadzone na  kasetach wideo i płytach DVD. Ponadto, w pomieszczeniu biblioteki, do dyspozycji użytkowników pozostają również trzy komputery z dostępem do Internetu, wchodzące w skład Szkolnego Multimedialnego Centrum Informacji .</p>
<p style="text-align: justify;">Godziny pracy biblioteki szkolnej umożliwiają zainteresowanym uczniom korzystanie z jej zasobów  w dogodnym czasie , przed lub po zajęciach lekcyjnych. Wychodząc naprzeciw szczególnym potrzebom edukacyjnym uczniów, bibliotekarz- Dorota Szablewska przygotowuje zajęcia  edukacyjne, wzbogacone innowacyjną metodą poznawczą, w której nieocenionym środkiem dydaktycznym są <strong>prezentacje multimedialne</strong>. Szeroki wachlarz tematyki podejmowanej tą drogą przekazu koresponduje z aktualnymi potrzebami uczniów, uwzględnia kalendarz świąt oraz imprez okolicznościowych, omawia problemy   wychowawcze oraz przybliża wiedzę z zakresu edukacji czytelniczej.  Ta oryginalna forma pracy, której adresatem są zarówno najmłodsi-podopieczni zespołów edukacyjno-terapeutycznych, jak również starsi uczniowie gimnazjum, szkoły zawodowej i pdp, cieszy się wielkim zainteresowaniem z uwagi na jednoczesną wizualizację i poglądowość.  W opinii nauczycieli ta  forma oddziaływania jednocześnie na dwa zmysły: wzroku i słuchu, przynosi pożądane efekty, stanowiąc nieocenioną pomoc na lekcjach wychowawczych oraz podczas zajęć edukacyjnych.</p>
<p style="text-align: justify;">Biblioteka szkolna jest współorganizatorem  zajęć z cyklu <strong>„Nasze</strong> <strong>spotkania ze sztuką”</strong>, popularyzujących  literaturę i film dla młodego czytelnika i widza. Wśród uczniów  szkoły podstawowej prowadzona  jest również cyklicznie akcja pn. <strong>„Cała Polska czyta dzieciom”, </strong>która rozbudza ciekawość poznawczą i sprzyja zamiłowaniom czytelniczym.</p>
<p style="text-align: justify;">Tradycją biblioteki są konkursy poświęcone obchodom Światowego Dnia Książki oraz całoroczny ranking na najaktywniejszą klasę w czytelnictwie i najlepszego czytelnika.</p>
<p style="text-align: justify;">Działalność biblioteki wspiera prężna grupa uczniów zrzeszona w ramach Koła Przyjaciół Biblioteki. Jego członkowie służą pomocą bibliotekarzom, wykazując się jednocześnie zdolnościami  organizatorskimi, plastycznymi i recytatorskimi, a nade wszystko zaangażowaniem  i aktywną  postawą społeczną.</p>

<div class="wp-block-buttons is-layout-flex wp-block-buttons-is-layout-flex"> </div>



<div class="wp-block-buttons is-layout-flex wp-block-buttons-is-layout-flex"> </div>

<p>Działania biblioteki Z biblioteki szkolnej SOSW nr 1 korzystają pracownicy i uczniowie szkoły, a gdy zaistnieje potrzeba, również rodzice oraz opiekunowie.  Biblioteka  <a class="more-link" href="https://www.sosw.elblag.com.pl/index.php/struktura-osrodka/inne-instytucje/biblioteka/">Czytaj dalej&#8230;</a></p>
